{"id":6778,"date":"2026-03-16T19:28:31","date_gmt":"2026-03-16T19:28:31","guid":{"rendered":"https:\/\/traper.it\/?post_type=product&#038;p=6778"},"modified":"2026-06-11T17:47:37","modified_gmt":"2026-06-11T17:47:37","slug":"calza-cold-water-grigio","status":"publish","type":"product","link":"https:\/\/traper.it\/index.php\/prodotto\/calza-cold-water-grigio\/","title":{"rendered":"Calza Cold Water Grigio"},"content":{"rendered":"<p>Le calze termoattive sono perfette per l&#8217;uso in condizioni estreme.<\/p>\n<p>La lana merino mantiene il calore e protegge la pelle; il poliammide, grazie alla sua speciale struttura in fibra, isola termicamente e allontana l&#8217;umidit\u00e0.<\/p>\n<p>L&#8217;aggiunta di elastan garantisce una vestibilit\u00e0 sicura e una leggera aderenza senza eccessiva pressione. La struttura a zone della calza assicura un corretto posizionamento e un utilizzo prolungato.<\/p>\n<p>La serie comprende calze Cold Water di media densit\u00e0, calze Extreme pi\u00f9 spesse e le pi\u00f9 spesse e calde in assoluto: le Alaska.<\/p>\n<p>L&#8217;offerta di calze \u00e8 stata ampliata con le calze Active, ideali per i mesi pi\u00f9 caldi dell&#8217;anno.<\/p>\n","protected":false},"excerpt":{"rendered":"<p>Le calze termoattive sono perfette per l&#8217;uso in condizioni estreme.<\/p>\n<p>La lana merino mantiene il calore e protegge la pelle; il poliammide, grazie alla sua speciale struttura in fibra, isola termicamente e allontana l&#8217;umidit\u00e0.<\/p>\n<p>L&#8217;aggiunta di elastan garantisce una vestibilit\u00e0 sicura e una leggera aderenza senza eccessiva pressione. La struttura a zone della calza assicura un corretto posizionamento e un utilizzo prolungato.<\/p>\n<p>La serie comprende calze Cold Water di media densit\u00e0, calze Extreme pi\u00f9 spesse e le pi\u00f9 spesse e calde in assoluto: le Alaska.<\/p>\n<p>L&#8217;offerta di calze \u00e8 stata ampliata con le calze Active, ideali per i mesi pi\u00f9 caldi dell&#8217;anno.<\/p>\n","protected":false},"featured_media":10345,"comment_status":"closed","ping_status":"closed","template":"","meta":[],"product_brand":[19],"product_cat":[29,146,287],"product_tag":[],"class_list":["post-6778","product","type-product","status-publish","has-post-thumbnail","product_brand-traper","product_cat-abbigliamento","product_cat-abbigliamento-termico","product_cat-calze","entry","has-media","first","instock","shipping-taxable","purchasable","product-type-variable","has-product-nav","col","span_1_of_3","owp-content-center","owp-thumbs-layout-horizontal","owp-btn-normal","owp-tabs-layout-horizontal","has-no-thumbnails"],"_links":{"self":[{"href":"https:\/\/traper.it\/index.php\/wp-json\/wp\/v2\/product\/6778","targetHints":{"allow":["GET"]}}],"collection":[{"href":"https:\/\/traper.it\/index.php\/wp-json\/wp\/v2\/product"}],"about":[{"href":"https:\/\/traper.it\/index.php\/wp-json\/wp\/v2\/types\/product"}],"replies":[{"embeddable":true,"href":"https:\/\/traper.it\/index.php\/wp-json\/wp\/v2\/comments?post=6778"}],"wp:featuredmedia":[{"embeddable":true,"href":"https:\/\/traper.it\/index.php\/wp-json\/wp\/v2\/media\/10345"}],"wp:attachment":[{"href":"https:\/\/traper.it\/index.php\/wp-json\/wp\/v2\/media?parent=6778"}],"wp:term":[{"taxonomy":"product_brand","embeddable":true,"href":"https:\/\/traper.it\/index.php\/wp-json\/wp\/v2\/product_brand?post=6778"},{"taxonomy":"product_cat","embeddable":true,"href":"https:\/\/traper.it\/index.php\/wp-json\/wp\/v2\/product_cat?post=6778"},{"taxonomy":"product_tag","embeddable":true,"href":"https:\/\/traper.it\/index.php\/wp-json\/wp\/v2\/product_tag?post=6778"}],"curies":[{"name":"wp","href":"https:\/\/api.w.org\/{rel}","templated":true}]}}

<p>Le calze termoattive sono perfette per l&#8217;uso in condizioni estreme.</p>
<p>La lana merino mantiene il calore e protegge la pelle; il poliammide, grazie alla sua speciale struttura in fibra, isola termicamente e allontana l&#8217;umidità.</p>
<p>L&#8217;aggiunta di elastan garantisce una vestibilità sicura e una leggera aderenza senza eccessiva pressione. La struttura a zone della calza assicura un corretto posizionamento e un utilizzo prolungato.</p>
<p>La serie comprende calze Cold Water di media densità, calze Extreme più spesse e le più spesse e calde in assoluto: le Alaska.</p>
<p>L&#8217;offerta di calze è stata ampliata con le calze Active, ideali per i mesi più caldi dell&#8217;anno.</p>
